Calculate the greatest common divisor of 561 and 10999.
17
Calculate the highest common factor of 4356 and 9966.
66
What is the greatest common divisor of 48771 and 9?
9
What is the highest common divisor of 1026 and 13127157?
513
What is the highest common factor of 5005 and 1448590?
715
Calculate the highest common factor of 577158 and 14766.
642
Calculate the greatest common factor of 56157 and 6.
3
What is the greatest common factor of 17527 and 1411?
17
Calculate the highest common factor of 374257 and 13.
13
What is the highest common factor of 9483 and 10005?
87
Calculate the highest common divisor of 67821 and 7943.
611
What is the greatest common factor of 550 and 33850?
50
What is the greatest common factor of 406 and 51794?
58
What is the highest common factor of 75813 and 999?
111
Calculate the highest common divisor of 155306 and 1830.
122
Calculate the highest common divisor of 4355 and 1113875.
335
What is the highest common divisor of 22542 and 198543?
867
What is the highest common divisor of 5150 and 13184?
206
What is the highest common divisor of 253 and 682?
11
Calculate the greatest common factor of 296 and 3288.
8
Calculate the greatest common factor of 91755 and 45.
45
What is the greatest common factor of 152360 and 40?
40
Calculate the highest common divisor of 733248 and 2432.
1216
What is the highest common factor of 2623 and 3483?
43
Calculate the greatest common divisor of 2089 and 3.
1
What is the greatest common factor of 15 and 27271665?
15
What is the highest common factor of 233 and 9?
1
Calculate the greatest common factor of 235206 and 511.
73
Calculate the highest common factor of 6 and 2082.
6
Calculate the highest common factor of 1157726 and 1578.
526
Calculate the highest common divisor of 12745 and 15.
5
Calculate the greatest common factor of 268005 and 45.
15
What is the highest common divisor of 998208 and 1152?
576
What is the highest common divisor of 646 and 791806?
38
What is the greatest common divisor of 58 and 27347?
29
Calculate the highest common divisor of 216 and 1854.
18
What is the greatest common factor of 192424 and 1072?
536
Calculate the highest common divisor of 747231 and 9.
3
Calculate the highest common factor of 60 and 226140.
60
Calculate the highest common factor of 1650 and 29490.
30
What is the greatest common factor of 6222294 and 234?
234
What is the greatest common factor of 29460 and 732?
12
Calculate the greatest common divisor of 13 and 331188.
13
What is the greatest common divisor of 8911 and 460558?
469
What is the greatest common divisor of 5040 and 272?
16
Calculate the highest common factor of 464 and 112781.
29
Calculate the greatest common divisor of 46580 and 6494.
34
What is the greatest common divisor of 15081 and 132?
33
What is the highest common divisor of 376 and 1920091?
47
What is the highest common divisor of 880 and 56452?
44
What is the greatest common divisor of 641432 and 33?
11
What is the greatest common factor of 92454 and 19?
19
Calculate the greatest common divisor of 2223936 and 624.
624
What is the greatest common divisor of 264 and 58146?
66
Calculate the highest common divisor of 36 and 1824948.
36
What is the greatest common divisor of 975 and 1105?
65
Calculate the highest common factor of 105 and 120295.
35
Calculate the highest common divisor of 666 and 2492505.
333
Calculate the greatest common factor of 277583 and 57913.
1997
Calculate the greatest common divisor of 152 and 3287.
19
Calculate the greatest common factor of 23729 and 61.
61
Calculate the greatest common factor of 19107 and 198.
99
What is the greatest common factor of 93 and 20863?
31
What is the greatest common divisor of 10428 and 33180?
948
What is the highest common divisor of 5219 and 1649?
17
What is the highest common divisor of 126 and 411096?
42
Calculate the highest common factor of 35818 and 36.
2
What is the greatest common factor of 5025 and 87033?
201
Calculate the greatest common divisor of 867 and 64736.
289
What is the highest common factor of 175161 and 10975?
439
Calculate the highest common factor of 4 and 66812.
4
What is the highest common divisor of 11007 and 1370983?
1223
Calculate the greatest common divisor of 224 and 6208.
32
What is the greatest common factor of 226958 and 185?
37
What is the highest common factor of 1366988 and 7?
7
Calculate the highest common factor of 834049 and 92.
23
Calculate the greatest common divisor of 2886424 and 24.
8
Calculate the highest common factor of 426 and 39547.
71
What is the greatest common divisor of 1008 and 229992?
168
Calculate the greatest common divisor of 123570 and 90.
90
What is the highest common divisor of 395895 and 5?
5
Calculate the greatest common divisor of 11644 and 4100.
164
Calculate the highest common factor of 85 and 315010.
85
What is the greatest common factor of 294 and 539637?
147
Calculate the greatest common divisor of 7784 and 1952.
8
What is the greatest common factor of 384 and 210624?
192
Calculate the highest common divisor of 111 and 21053.
37
Calculate the highest common divisor of 62 and 69440.
62
Calculate the highest common factor of 47025 and 90.
45
What is the greatest common divisor of 3597 and 891?
33
What is the greatest common factor of 1176 and 146706?
294
Calculate the highest common factor of 16569 and 136497.
789
What is the highest common divisor of 425 and 10523?
17
What is the greatest common factor of 7837 and 34?
17
Calculate the highest common factor of 6420 and 1860.
60
What is the highest common divisor of 6 and 3302796?
6
What is the greatest common divisor of 8 and 192460?
4
Calculate the greatest common divisor of 920992 and 1088.
544
What is the highest common divisor of 12540 and 494?
38
Calculate the highest common factor of 1932 and 13258.
14
What is the greatest common factor of 942047 and 334?
167
What is the greatest common factor of 40 and 100920?
40
What is the greatest common divisor of 6084330 and 14?
14
Calculate the highest common factor of 860 and 110.
10
Calculate the greatest common factor of 73789 and 339.
113
What is the greatest common factor of 708880 and 20?
20
Calculate the greatest common factor of 4445 and 525.
35
Calculate the highest common divisor of 51 and 138057.
51
What is the highest common divisor of 7030 and 3040?
190
Calculate the greatest common divisor of 4686 and 18176.
142
Calculate the highest common factor of 99463 and 91.
91
Calculate the greatest common divisor of 4283543 and 1012.
253
What is the greatest common factor of 29090 and 30?
10
What is the greatest common factor of 18696 and 55176?
456
What is the greatest common divisor of 1518 and 920?
46
What is the greatest common divisor of 128 and 342144?
128
What is the greatest common divisor of 640 and 5800?
40
What is the greatest common divisor of 504 and 39843?
9
Calculate the highest common divisor of 9316 and 1972.
68
Calculate the greatest common factor of 21978 and 120546.
666
Calculate the greatest common factor of 28061 and 44.
11
Calculate the greatest common factor of 2 and 16658.
2
Calculate the greatest common factor of 3164 and 77179.
113
Calculate the greatest common factor of 86 and 3268.
86
Calculate the greatest common divisor of 51230 and 63220.
1090
Calculate the highest common factor of 86 and 69617.
43
Calculate the greatest common factor of 1580 and 40340.
20
What is the highest common divisor of 117 and 39286?
13
Calculate the highest common factor of 2449 and 31.
31
What is the greatest common divisor of 11215738 and 1178?
1178
Calculate the greatest common divisor of 239085 and 17595.
1035
Calculate the greatest common factor of 4065 and 320.
5
What is the greatest common divisor of 25 and 288725?
25
What is the highest common divisor of 174 and 70383?
87
What is the greatest common factor of 429 and 81393?
39
Calculate the highest common factor of 45 and 2009790.
45
What is the greatest common divisor of 102 and 714?
102
What is the greatest common factor of 60 and 25540?
20
Calculate the greatest common factor of 1565 and 668881.
313
Calculate the greatest common factor of 151160 and 80.
40
What is the highest common divisor of 70 and 37592590?
70
Calculate the highest common factor of 1956 and 791691.
489
Calcula